{"id":1628,"date":"2017-11-13T15:37:11","date_gmt":"2017-11-13T14:37:11","guid":{"rendered":"http:\/\/tinarebou.com\/?page_id=1628"},"modified":"2017-11-21T10:41:04","modified_gmt":"2017-11-21T09:41:04","slug":"danse-de-societe","status":"publish","type":"page","link":"https:\/\/tinarebou.com\/index.php\/design\/danse-de-societe\/","title":{"rendered":"Danse de Soci\u00e9t\u00e9"},"content":{"rendered":"<h4>2016| Projet sur le th\u00e8me de la Danse<\/h4>\n<p>Conception et r\u00e9alisation du logo, banni\u00e8re, slides web pour le site : <a href=\"http:\/\/dansesociete.fr\/\" target=\"_blank\" rel=\"noopener noreferrer\">dansesociete.fr<\/a><\/p>\n<p>&nbsp;<\/p>\n<div id='gallery-1' class='gallery galleryid-1628 gallery-columns-2 gallery-size-medium'><figure class='gallery-item'>\n\t\t\t<div class='gallery-icon landscape'>\n\t\t\t\t<a href='https:\/\/tinarebou.com\/dansesociete-logo2\/'><img loading=\"lazy\" decoding=\"async\" width=\"300\" height=\"114\" src=\"https:\/\/tinarebou.com\/wp-content\/uploads\/2017\/10\/dansesociete-logo2-300x114.png\" class=\"attachment-medium size-medium\" alt=\"\" aria-describedby=\"gallery-1-1074\" srcset=\"https:\/\/tinarebou.com\/wp-content\/uploads\/2017\/10\/dansesociete-logo2-300x114.png 300w, https:\/\/tinarebou.com\/wp-content\/uploads\/2017\/10\/dansesociete-logo2-600x228.png 600w, https:\/\/tinarebou.com\/wp-content\/uploads\/2017\/10\/dansesociete-logo2.png 611w\" sizes=\"auto, (max-width: 300px) 100vw, 300px\" \/><\/a>\n\t\t\t<\/div>\n\t\t\t\t<figcaption class='wp-caption-text gallery-caption' id='gallery-1-1074'>\n\t\t\t\t2016 | Site : dansesociete.fr\n\t\t\t\t<\/figcaption><\/figure><figure class='gallery-item'>\n\t\t\t<div class='gallery-icon landscape'>\n\t\t\t\t<a href='https:\/\/tinarebou.com\/index.php\/art\/portfolio\/attachment\/logo-dse_sociecte-t\/'><img loading=\"lazy\" decoding=\"async\" width=\"300\" height=\"171\" src=\"https:\/\/tinarebou.com\/wp-content\/uploads\/2016\/12\/logo-dse_sociecte-t-300x171.jpg\" class=\"attachment-medium size-medium\" alt=\"\" aria-describedby=\"gallery-1-528\" srcset=\"https:\/\/tinarebou.com\/wp-content\/uploads\/2016\/12\/logo-dse_sociecte-t-300x171.jpg 300w, https:\/\/tinarebou.com\/wp-content\/uploads\/2016\/12\/logo-dse_sociecte-t-600x342.jpg 600w, https:\/\/tinarebou.com\/wp-content\/uploads\/2016\/12\/logo-dse_sociecte-t.jpg 765w\" sizes=\"auto, (max-width: 300px) 100vw, 300px\" \/><\/a>\n\t\t\t<\/div>\n\t\t\t\t<figcaption class='wp-caption-text gallery-caption' id='gallery-1-528'>\n\t\t\t\t2016 | Logo \u00ab\u00a0Dansesociete\u00a0\u00bb\n\t\t\t\t<\/figcaption><\/figure><figure class='gallery-item'>\n\t\t\t<div class='gallery-icon landscape'>\n\t\t\t\t<a href='https:\/\/tinarebou.com\/index.php\/art\/portfolio\/attachment\/logo-banniere-danse-societe2016-2\/'><img loading=\"lazy\" decoding=\"async\" width=\"300\" height=\"169\" src=\"https:\/\/tinarebou.com\/wp-content\/uploads\/2016\/12\/logo-banniere-danse-societe2016-1-300x169.png\" class=\"attachment-medium size-medium\" alt=\"\" aria-describedby=\"gallery-1-520\" srcset=\"https:\/\/tinarebou.com\/wp-content\/uploads\/2016\/12\/logo-banniere-danse-societe2016-1-300x169.png 300w, https:\/\/tinarebou.com\/wp-content\/uploads\/2016\/12\/logo-banniere-danse-societe2016-1-600x338.png 600w, https:\/\/tinarebou.com\/wp-content\/uploads\/2016\/12\/logo-banniere-danse-societe2016-1-768x432.png 768w, https:\/\/tinarebou.com\/wp-content\/uploads\/2016\/12\/logo-banniere-danse-societe2016-1-1024x576.png 1024w, https:\/\/tinarebou.com\/wp-content\/uploads\/2016\/12\/logo-banniere-danse-societe2016-1-1440x810.png 1440w\" sizes=\"auto, (max-width: 300px) 100vw, 300px\" \/><\/a>\n\t\t\t<\/div>\n\t\t\t\t<figcaption class='wp-caption-text gallery-caption' id='gallery-1-520'>\n\t\t\t\t 2016 | Identit\u00e9 visuelle Dansesoci\u00e9t\u00e9\n\t\t\t\t<\/figcaption><\/figure><figure class='gallery-item'>\n\t\t\t<div class='gallery-icon landscape'>\n\t\t\t\t<a href='https:\/\/tinarebou.com\/index.php\/art\/portfolio\/attachment\/slide-site-dansesociete\/'><img loading=\"lazy\" decoding=\"async\" width=\"300\" height=\"153\" src=\"https:\/\/tinarebou.com\/wp-content\/uploads\/2016\/12\/Slide-site-dansesociete-300x153.png\" class=\"attachment-medium size-medium\" alt=\"\" aria-describedby=\"gallery-1-364\" srcset=\"https:\/\/tinarebou.com\/wp-content\/uploads\/2016\/12\/Slide-site-dansesociete-300x153.png 300w, https:\/\/tinarebou.com\/wp-content\/uploads\/2016\/12\/Slide-site-dansesociete-600x306.png 600w, https:\/\/tinarebou.com\/wp-content\/uploads\/2016\/12\/Slide-site-dansesociete-768x391.png 768w, https:\/\/tinarebou.com\/wp-content\/uploads\/2016\/12\/Slide-site-dansesociete-1024x522.png 1024w, https:\/\/tinarebou.com\/wp-content\/uploads\/2016\/12\/Slide-site-dansesociete-1440x734.png 1440w, https:\/\/tinarebou.com\/wp-content\/uploads\/2016\/12\/Slide-site-dansesociete.png 1578w\" sizes=\"auto, (max-width: 300px) 100vw, 300px\" \/><\/a>\n\t\t\t<\/div>\n\t\t\t\t<figcaption class='wp-caption-text gallery-caption' id='gallery-1-364'>\n\t\t\t\t2016| Slide Site  Dansesoci\u00e9t\u00e9\n\t\t\t\t<\/figcaption><\/figure><figure class='gallery-item'>\n\t\t\t<div class='gallery-icon landscape'>\n\t\t\t\t<a href='https:\/\/tinarebou.com\/index.php\/art\/portfolio\/attachment\/slider2bis-dansesociecte-2016\/'><img loading=\"lazy\" decoding=\"async\" width=\"300\" height=\"169\" src=\"https:\/\/tinarebou.com\/wp-content\/uploads\/2016\/12\/slider2bis-dansesociecte-2016-300x169.png\" class=\"attachment-medium size-medium\" alt=\"\" aria-describedby=\"gallery-1-532\" srcset=\"https:\/\/tinarebou.com\/wp-content\/uploads\/2016\/12\/slider2bis-dansesociecte-2016-300x169.png 300w, https:\/\/tinarebou.com\/wp-content\/uploads\/2016\/12\/slider2bis-dansesociecte-2016-600x338.png 600w, https:\/\/tinarebou.com\/wp-content\/uploads\/2016\/12\/slider2bis-dansesociecte-2016-768x432.png 768w, https:\/\/tinarebou.com\/wp-content\/uploads\/2016\/12\/slider2bis-dansesociecte-2016-1024x576.png 1024w, https:\/\/tinarebou.com\/wp-content\/uploads\/2016\/12\/slider2bis-dansesociecte-2016-1440x810.png 1440w, https:\/\/tinarebou.com\/wp-content\/uploads\/2016\/12\/slider2bis-dansesociecte-2016.png 2000w\" sizes=\"auto, (max-width: 300px) 100vw, 300px\" \/><\/a>\n\t\t\t<\/div>\n\t\t\t\t<figcaption class='wp-caption-text gallery-caption' id='gallery-1-532'>\n\t\t\t\t2016 | Exemple slide pour site Dansesoci\u00e9t\u00e9 Cr\u00e9ation des pictos des silhouettes de danse\n\t\t\t\t<\/figcaption><\/figure><figure class='gallery-item'>\n\t\t\t<div class='gallery-icon landscape'>\n\t\t\t\t<a href='https:\/\/tinarebou.com\/index.php\/art\/portfolio\/attachment\/slider1a_danse-societe-2016-2\/'><img loading=\"lazy\" decoding=\"async\" width=\"300\" height=\"169\" src=\"https:\/\/tinarebou.com\/wp-content\/uploads\/2016\/12\/slider1a_danse-societe-2016-300x169.jpg\" class=\"attachment-medium size-medium\" alt=\"\" aria-describedby=\"gallery-1-531\" srcset=\"https:\/\/tinarebou.com\/wp-content\/uploads\/2016\/12\/slider1a_danse-societe-2016-300x169.jpg 300w, https:\/\/tinarebou.com\/wp-content\/uploads\/2016\/12\/slider1a_danse-societe-2016-600x338.jpg 600w, https:\/\/tinarebou.com\/wp-content\/uploads\/2016\/12\/slider1a_danse-societe-2016-768x432.jpg 768w, https:\/\/tinarebou.com\/wp-content\/uploads\/2016\/12\/slider1a_danse-societe-2016-1024x576.jpg 1024w, https:\/\/tinarebou.com\/wp-content\/uploads\/2016\/12\/slider1a_danse-societe-2016-1440x810.jpg 1440w\" sizes=\"auto, (max-width: 300px) 100vw, 300px\" \/><\/a>\n\t\t\t<\/div>\n\t\t\t\t<figcaption class='wp-caption-text gallery-caption' id='gallery-1-531'>\n\t\t\t\t2016 | Exemple slide pour site Dansesoci\u00e9t\u00e9 Cr\u00e9ation des pictos des silhouettes de danse\n\t\t\t\t<\/figcaption><\/figure>\n\t\t<\/div>\n\n<h4>Cr\u00e9ation de pictogrammes pour la r\u00e9alisation des supports de danse par type de danse | projet en cours de cr\u00e9ation<\/h4>\n<ul class=\"kiwi-logo-carousel kiwi-logo-carousel-danse default align-top col4\"><li style=\"height:250px;\" ><div class=\"helper\" style=\"height:250px; width:179px;\" ><img decoding=\"async\" src=\"https:\/\/tinarebou.com\/wp-content\/uploads\/2017\/11\/picto-charleston-fg-1.jpg\" alt=\"Picto Charleston\" title=\"Picto Charleston\" style=\"max-width:179px; padding-left: 2.5px; padding-right:2.5px\" ><\/div><\/li><li style=\"height:250px;\" ><div class=\"helper\" style=\"height:250px; width:179px;\" ><img decoding=\"async\" src=\"https:\/\/tinarebou.com\/wp-content\/uploads\/2017\/11\/picto-foxtrot-fg-1.jpg\" alt=\"Picto Foxtrot\" title=\"Picto Foxtrot\" style=\"max-width:179px; padding-left: 2.5px; padding-right:2.5px\" ><\/div><\/li><li style=\"height:250px;\" ><div class=\"helper\" style=\"height:250px; width:179px;\" ><img decoding=\"async\" src=\"https:\/\/tinarebou.com\/wp-content\/uploads\/2017\/11\/picto-rumba2-fg.jpg\" alt=\"Rumba\" title=\"Rumba\" style=\"max-width:179px; padding-left: 2.5px; padding-right:2.5px\" ><\/div><\/li><li style=\"height:250px;\" ><div class=\"helper\" style=\"height:250px; width:179px;\" ><img decoding=\"async\" src=\"https:\/\/tinarebou.com\/wp-content\/uploads\/2017\/11\/picto-rumba-fg.jpg\" alt=\"Picto Ramba\" title=\"Picto Ramba\" style=\"max-width:179px; padding-left: 2.5px; padding-right:2.5px\" ><\/div><\/li><li style=\"height:250px;\" ><div class=\"helper\" style=\"height:250px; width:179px;\" ><img decoding=\"async\" src=\"https:\/\/tinarebou.com\/wp-content\/uploads\/2017\/11\/logo-danse_societe-fportrait3-fg.jpg\" alt=\"logo dansesociete\" title=\"logo dansesociete\" style=\"max-width:179px; padding-left: 2.5px; padding-right:2.5px\" ><\/div><\/li><li style=\"height:250px;\" ><div class=\"helper\" style=\"height:250px; width:179px;\" ><img decoding=\"async\" src=\"https:\/\/tinarebou.com\/wp-content\/uploads\/2017\/11\/picto-mambo-fg.jpg\" alt=\"Picto Mambo\" title=\"Picto Mambo\" style=\"max-width:179px; padding-left: 2.5px; padding-right:2.5px\" ><\/div><\/li><li style=\"height:250px;\" ><div class=\"helper\" style=\"height:250px; width:179px;\" ><img decoding=\"async\" src=\"https:\/\/tinarebou.com\/wp-content\/uploads\/2017\/11\/picto-quickstep2-fg.jpg\" alt=\"Picto Quickstep\" title=\"Picto Quickstep\" style=\"max-width:179px; padding-left: 2.5px; padding-right:2.5px\" ><\/div><\/li><li style=\"height:250px;\" ><div class=\"helper\" style=\"height:250px; width:179px;\" ><img decoding=\"async\" src=\"https:\/\/tinarebou.com\/wp-content\/uploads\/2017\/11\/logo-danse_societe-fportrait3-fg.jpg\" alt=\"logo dansesociete\" title=\"logo dansesociete\" style=\"max-width:179px; padding-left: 2.5px; padding-right:2.5px\" ><\/div><\/li><li style=\"height:250px;\" ><div class=\"helper\" style=\"height:250px; width:179px;\" ><img decoding=\"async\" src=\"https:\/\/tinarebou.com\/wp-content\/uploads\/2017\/11\/picto-mumbo3-fg.jpg\" alt=\"Picto Mambo\" title=\"Picto Mambo\" style=\"max-width:179px; padding-left: 2.5px; padding-right:2.5px\" ><\/div><\/li><li style=\"height:250px;\" ><div class=\"helper\" style=\"height:250px; width:179px;\" ><img decoding=\"async\" src=\"https:\/\/tinarebou.com\/wp-content\/uploads\/2017\/11\/picto-pasodoble2-fg.jpg\" alt=\"Picto Pasodoble\" title=\"Picto Pasodoble\" style=\"max-width:179px; padding-left: 2.5px; padding-right:2.5px\" ><\/div><\/li><\/ul>\n<p>&nbsp;<\/p>\n<p>&nbsp;<\/p>\n","protected":false},"excerpt":{"rendered":"<p>2016| Projet sur le th\u00e8me de la Danse Conception et r\u00e9alisation du logo, banni\u00e8re, slides web pour le site : dansesociete.fr &nbsp; Cr\u00e9ation de pictogrammes &hellip;<\/p>\n","protected":false},"author":1,"featured_media":0,"parent":1791,"menu_order":2,"comment_status":"closed","ping_status":"closed","template":"","meta":{"footnotes":""},"class_list":["post-1628","page","type-page","status-publish","hentry"],"_links":{"self":[{"href":"https:\/\/tinarebou.com\/index.php\/wp-json\/wp\/v2\/pages\/1628","targetHints":{"allow":["GET"]}}],"collection":[{"href":"https:\/\/tinarebou.com\/index.php\/wp-json\/wp\/v2\/pages"}],"about":[{"href":"https:\/\/tinarebou.com\/index.php\/wp-json\/wp\/v2\/types\/page"}],"author":[{"embeddable":true,"href":"https:\/\/tinarebou.com\/index.php\/wp-json\/wp\/v2\/users\/1"}],"replies":[{"embeddable":true,"href":"https:\/\/tinarebou.com\/index.php\/wp-json\/wp\/v2\/comments?post=1628"}],"version-history":[{"count":7,"href":"https:\/\/tinarebou.com\/index.php\/wp-json\/wp\/v2\/pages\/1628\/revisions"}],"predecessor-version":[{"id":2153,"href":"https:\/\/tinarebou.com\/index.php\/wp-json\/wp\/v2\/pages\/1628\/revisions\/2153"}],"up":[{"embeddable":true,"href":"https:\/\/tinarebou.com\/index.php\/wp-json\/wp\/v2\/pages\/1791"}],"wp:attachment":[{"href":"https:\/\/tinarebou.com\/index.php\/wp-json\/wp\/v2\/media?parent=1628"}],"curies":[{"name":"wp","href":"https:\/\/api.w.org\/{rel}","templated":true}]}}