{"id":2109,"date":"2017-11-20T16:24:07","date_gmt":"2017-11-20T15:24:07","guid":{"rendered":"http:\/\/tinarebou.com\/?page_id=2109"},"modified":"2017-11-20T17:51:44","modified_gmt":"2017-11-20T16:51:44","slug":"peintures-triptyques-pastel","status":"publish","type":"page","link":"https:\/\/tinarebou.com\/index.php\/art\/peintures-triptyques-pastel\/","title":{"rendered":"Peintures &#8211; triptyques &#8211; Pastel"},"content":{"rendered":"<h4 style=\"text-align: center;\"><em><strong>\u00ab\u00a0L&rsquo;expression \u00e0 travers l&rsquo;Animal &amp; l&rsquo;Humain, le fil de la vie,<\/strong><\/em><\/h4>\n<h4 style=\"text-align: center;\"><em><strong> ce lien universel, si \u00e9trange et si pr\u00e9cieux\u00a0\u00bb <\/strong><\/em><\/h4>\n<p>&nbsp;<\/p>\n\t\t<div id=\"serious-slider-122-rnd2939\" class=\"cryout-serious-slider seriousslider serious-slider-122-rnd2939 cryout-serious-slider-122 seriousslider-overlay0 seriousslider-light seriousslider-shadow-none seriousslider-responsive-maintain seriousslider-hidetitles-0 seriousslider-fade seriousslider-sizing0 seriousslider-aligncenter seriousslider-caption-animation-slide seriousslider-textstyle-textshadow\" data-ride=\"seriousslider\">\n\t\t\t<div class=\"seriousslider-inner\" role=\"listbox\">\n\n\t\t\t\n\t\t\t<div class=\"item slide-1 active\" role=\"option\">\n\t\t\t\t\t\t\t\t<a  >\n\t\t\t\t\t<img decoding=\"async\" class=\"item-image\" src=\"https:\/\/tinarebou.com\/wp-content\/uploads\/2017\/11\/eloise.jpg\" alt=\"Eloise &#038; sa Maman\" >\n\t\t\t\t<\/a>\n\t\t\t\t\t\t\t\t\t\t\t\t<div class=\"seriousslider-caption\">\n\t\t\t\t\t<div class=\"seriousslider-caption-inside\">\n\t\t\t\t\t\t<div class=\"seriousslider-caption-title\"><span>Eloise &#038; sa Maman<\/span><\/div>\t\t\t\t\t\t\t\t\t\t\t\t<div class=\"seriousslider-caption-buttons\">\n\t\t\t\t\t\t\t\t\t\t\t\t\t\t\t\t\t\t\t\t\t\t\t\t\t\t\t\t\t\t\t\t\t\t\t\t\t\t\t\t\t\t\t<\/div>\n\t\t\t\t\t<\/div><!--seriousslider-caption-inside-->\n\t\t\t\t<\/div><!--seriousslider-caption-->\n\t\t\t\t\t\t\t\t<div class=\"seriousslider-hloader\"><\/div>\n\t\t\t\t<figure class=\"seriousslider-cloader\">\n\t\t\t\t\t<svg width=\"200\" height=\"200\">\n\t\t\t\t\t\t<circle cx=\"95\" cy=\"95\" r=\"20\" transform=\"rotate(-90, 95, 95)\"\/>\n\t\t\t\t\t<\/svg>\n\t\t\t  <\/figure>\n\t\t\t<\/div>\n\n\t\t\t\n\t\t\t<div class=\"item slide-2 \" role=\"option\">\n\t\t\t\t\t\t\t\t<a  >\n\t\t\t\t\t<img decoding=\"async\" class=\"item-image\" src=\"https:\/\/tinarebou.com\/wp-content\/uploads\/2017\/11\/LauraManon.jpg\" alt=\"Manon &#038; Laura\" >\n\t\t\t\t<\/a>\n\t\t\t\t\t\t\t\t\t\t\t\t<div class=\"seriousslider-caption\">\n\t\t\t\t\t<div class=\"seriousslider-caption-inside\">\n\t\t\t\t\t\t<div class=\"seriousslider-caption-title\"><span>Manon &#038; Laura<\/span><\/div>\t\t\t\t\t\t\t\t\t\t\t\t<div class=\"seriousslider-caption-buttons\">\n\t\t\t\t\t\t\t\t\t\t\t\t\t\t\t\t\t\t\t\t\t\t\t\t\t\t\t\t\t\t\t\t\t\t\t\t\t\t\t\t\t\t\t<\/div>\n\t\t\t\t\t<\/div><!--seriousslider-caption-inside-->\n\t\t\t\t<\/div><!--seriousslider-caption-->\n\t\t\t\t\t\t\t\t<div class=\"seriousslider-hloader\"><\/div>\n\t\t\t\t<figure class=\"seriousslider-cloader\">\n\t\t\t\t\t<svg width=\"200\" height=\"200\">\n\t\t\t\t\t\t<circle cx=\"95\" cy=\"95\" r=\"20\" transform=\"rotate(-90, 95, 95)\"\/>\n\t\t\t\t\t<\/svg>\n\t\t\t  <\/figure>\n\t\t\t<\/div>\n\n\t\t\t\n\t\t\t<div class=\"item slide-3 \" role=\"option\">\n\t\t\t\t\t\t\t\t<a  >\n\t\t\t\t\t<img decoding=\"async\" class=\"item-image\" src=\"https:\/\/tinarebou.com\/wp-content\/uploads\/2017\/11\/Julien2.jpg\" alt=\"Julien\" >\n\t\t\t\t<\/a>\n\t\t\t\t\t\t\t\t\t\t\t\t<div class=\"seriousslider-caption\">\n\t\t\t\t\t<div class=\"seriousslider-caption-inside\">\n\t\t\t\t\t\t<div class=\"seriousslider-caption-title\"><span>Julien<\/span><\/div>\t\t\t\t\t\t\t\t\t\t\t\t<div class=\"seriousslider-caption-buttons\">\n\t\t\t\t\t\t\t\t\t\t\t\t\t\t\t\t\t\t\t\t\t\t\t\t\t\t\t\t\t\t\t\t\t\t\t\t\t\t\t\t\t\t\t<\/div>\n\t\t\t\t\t<\/div><!--seriousslider-caption-inside-->\n\t\t\t\t<\/div><!--seriousslider-caption-->\n\t\t\t\t\t\t\t\t<div class=\"seriousslider-hloader\"><\/div>\n\t\t\t\t<figure class=\"seriousslider-cloader\">\n\t\t\t\t\t<svg width=\"200\" height=\"200\">\n\t\t\t\t\t\t<circle cx=\"95\" cy=\"95\" r=\"20\" transform=\"rotate(-90, 95, 95)\"\/>\n\t\t\t\t\t<\/svg>\n\t\t\t  <\/figure>\n\t\t\t<\/div>\n\n\t\t\t\n\t\t\t<div class=\"item slide-4 \" role=\"option\">\n\t\t\t\t\t\t\t\t<a  >\n\t\t\t\t\t<img decoding=\"async\" class=\"item-image\" src=\"https:\/\/tinarebou.com\/wp-content\/uploads\/2017\/11\/David.jpg\" alt=\"David\" >\n\t\t\t\t<\/a>\n\t\t\t\t\t\t\t\t\t\t\t\t<div class=\"seriousslider-caption\">\n\t\t\t\t\t<div class=\"seriousslider-caption-inside\">\n\t\t\t\t\t\t<div class=\"seriousslider-caption-title\"><span>David<\/span><\/div>\t\t\t\t\t\t\t\t\t\t\t\t<div class=\"seriousslider-caption-buttons\">\n\t\t\t\t\t\t\t\t\t\t\t\t\t\t\t\t\t\t\t\t\t\t\t\t\t\t\t\t\t\t\t\t\t\t\t\t\t\t\t\t\t\t\t<\/div>\n\t\t\t\t\t<\/div><!--seriousslider-caption-inside-->\n\t\t\t\t<\/div><!--seriousslider-caption-->\n\t\t\t\t\t\t\t\t<div class=\"seriousslider-hloader\"><\/div>\n\t\t\t\t<figure class=\"seriousslider-cloader\">\n\t\t\t\t\t<svg width=\"200\" height=\"200\">\n\t\t\t\t\t\t<circle cx=\"95\" cy=\"95\" r=\"20\" transform=\"rotate(-90, 95, 95)\"\/>\n\t\t\t\t\t<\/svg>\n\t\t\t  <\/figure>\n\t\t\t<\/div>\n\n\t\t\t\n\t\t\t<div class=\"item slide-5 \" role=\"option\">\n\t\t\t\t\t\t\t\t<a  >\n\t\t\t\t\t<img decoding=\"async\" class=\"item-image\" src=\"https:\/\/tinarebou.com\/wp-content\/uploads\/2017\/11\/Mamie.jpg\" alt=\"Mamie\" >\n\t\t\t\t<\/a>\n\t\t\t\t\t\t\t\t\t\t\t\t<div class=\"seriousslider-caption\">\n\t\t\t\t\t<div class=\"seriousslider-caption-inside\">\n\t\t\t\t\t\t<div class=\"seriousslider-caption-title\"><span>Mamie<\/span><\/div>\t\t\t\t\t\t\t\t\t\t\t\t<div class=\"seriousslider-caption-buttons\">\n\t\t\t\t\t\t\t\t\t\t\t\t\t\t\t\t\t\t\t\t\t\t\t\t\t\t\t\t\t\t\t\t\t\t\t\t\t\t\t\t\t\t\t<\/div>\n\t\t\t\t\t<\/div><!--seriousslider-caption-inside-->\n\t\t\t\t<\/div><!--seriousslider-caption-->\n\t\t\t\t\t\t\t\t<div class=\"seriousslider-hloader\"><\/div>\n\t\t\t\t<figure class=\"seriousslider-cloader\">\n\t\t\t\t\t<svg width=\"200\" height=\"200\">\n\t\t\t\t\t\t<circle cx=\"95\" cy=\"95\" r=\"20\" transform=\"rotate(-90, 95, 95)\"\/>\n\t\t\t\t\t<\/svg>\n\t\t\t  <\/figure>\n\t\t\t<\/div>\n\n\t\t\t\n\t\t\t<div class=\"item slide-6 \" role=\"option\">\n\t\t\t\t\t\t\t\t<a  >\n\t\t\t\t\t<img decoding=\"async\" class=\"item-image\" src=\"https:\/\/tinarebou.com\/wp-content\/uploads\/2017\/11\/Didierles-enfants.jpg\" alt=\"Didier &#038; ses enfants\" >\n\t\t\t\t<\/a>\n\t\t\t\t\t\t\t\t\t\t\t\t<div class=\"seriousslider-caption\">\n\t\t\t\t\t<div class=\"seriousslider-caption-inside\">\n\t\t\t\t\t\t<div class=\"seriousslider-caption-title\"><span>Didier &#038; ses enfants<\/span><\/div>\t\t\t\t\t\t\t\t\t\t\t\t<div class=\"seriousslider-caption-buttons\">\n\t\t\t\t\t\t\t\t\t\t\t\t\t\t\t\t\t\t\t\t\t\t\t\t\t\t\t\t\t\t\t\t\t\t\t\t\t\t\t\t\t\t\t<\/div>\n\t\t\t\t\t<\/div><!--seriousslider-caption-inside-->\n\t\t\t\t<\/div><!--seriousslider-caption-->\n\t\t\t\t\t\t\t\t<div class=\"seriousslider-hloader\"><\/div>\n\t\t\t\t<figure class=\"seriousslider-cloader\">\n\t\t\t\t\t<svg width=\"200\" height=\"200\">\n\t\t\t\t\t\t<circle cx=\"95\" cy=\"95\" r=\"20\" transform=\"rotate(-90, 95, 95)\"\/>\n\t\t\t\t\t<\/svg>\n\t\t\t  <\/figure>\n\t\t\t<\/div>\n\n\t\t\t\n\t\t\t<div class=\"item slide-7 \" role=\"option\">\n\t\t\t\t\t\t\t\t<a  >\n\t\t\t\t\t<img decoding=\"async\" class=\"item-image\" src=\"https:\/\/tinarebou.com\/wp-content\/uploads\/2017\/11\/automne.jpg\" alt=\"Automne\" >\n\t\t\t\t<\/a>\n\t\t\t\t\t\t\t\t\t\t\t\t<div class=\"seriousslider-caption\">\n\t\t\t\t\t<div class=\"seriousslider-caption-inside\">\n\t\t\t\t\t\t<div class=\"seriousslider-caption-title\"><span>Automne<\/span><\/div>\t\t\t\t\t\t\t\t\t\t\t\t<div class=\"seriousslider-caption-buttons\">\n\t\t\t\t\t\t\t\t\t\t\t\t\t\t\t\t\t\t\t\t\t\t\t\t\t\t\t\t\t\t\t\t\t\t\t\t\t\t\t\t\t\t\t<\/div>\n\t\t\t\t\t<\/div><!--seriousslider-caption-inside-->\n\t\t\t\t<\/div><!--seriousslider-caption-->\n\t\t\t\t\t\t\t\t<div class=\"seriousslider-hloader\"><\/div>\n\t\t\t\t<figure class=\"seriousslider-cloader\">\n\t\t\t\t\t<svg width=\"200\" height=\"200\">\n\t\t\t\t\t\t<circle cx=\"95\" cy=\"95\" r=\"20\" transform=\"rotate(-90, 95, 95)\"\/>\n\t\t\t\t\t<\/svg>\n\t\t\t  <\/figure>\n\t\t\t<\/div>\n\n\t\t\t\n\t\t\t<div class=\"item slide-8 \" role=\"option\">\n\t\t\t\t\t\t\t\t<a  >\n\t\t\t\t\t<img decoding=\"async\" class=\"item-image\" src=\"https:\/\/tinarebou.com\/wp-content\/uploads\/2017\/11\/cousin-cousine.jpg\" alt=\"Cousin &#8211; Cousine\" >\n\t\t\t\t<\/a>\n\t\t\t\t\t\t\t\t\t\t\t\t<div class=\"seriousslider-caption\">\n\t\t\t\t\t<div class=\"seriousslider-caption-inside\">\n\t\t\t\t\t\t<div class=\"seriousslider-caption-title\"><span>Cousin &#8211; Cousine<\/span><\/div>\t\t\t\t\t\t\t\t\t\t\t\t<div class=\"seriousslider-caption-buttons\">\n\t\t\t\t\t\t\t\t\t\t\t\t\t\t\t\t\t\t\t\t\t\t\t\t\t\t\t\t\t\t\t\t\t\t\t\t\t\t\t\t\t\t\t<\/div>\n\t\t\t\t\t<\/div><!--seriousslider-caption-inside-->\n\t\t\t\t<\/div><!--seriousslider-caption-->\n\t\t\t\t\t\t\t\t<div class=\"seriousslider-hloader\"><\/div>\n\t\t\t\t<figure class=\"seriousslider-cloader\">\n\t\t\t\t\t<svg width=\"200\" height=\"200\">\n\t\t\t\t\t\t<circle cx=\"95\" cy=\"95\" r=\"20\" transform=\"rotate(-90, 95, 95)\"\/>\n\t\t\t\t\t<\/svg>\n\t\t\t  <\/figure>\n\t\t\t<\/div>\n\n\t\t\t\n\t\t\t<div class=\"item slide-9 \" role=\"option\">\n\t\t\t\t\t\t\t\t<a  >\n\t\t\t\t\t<img decoding=\"async\" class=\"item-image\" src=\"https:\/\/tinarebou.com\/wp-content\/uploads\/2017\/11\/athenadsolivier.png\" alt=\"Ath\u00e9na dans l&rsquo;Olivier\" >\n\t\t\t\t<\/a>\n\t\t\t\t\t\t\t\t\t\t\t\t<div class=\"seriousslider-caption\">\n\t\t\t\t\t<div class=\"seriousslider-caption-inside\">\n\t\t\t\t\t\t<div class=\"seriousslider-caption-title\"><span>Ath\u00e9na dans l&rsquo;Olivier<\/span><\/div>\t\t\t\t\t\t\t\t\t\t\t\t<div class=\"seriousslider-caption-buttons\">\n\t\t\t\t\t\t\t\t\t\t\t\t\t\t\t\t\t\t\t\t\t\t\t\t\t\t\t\t\t\t\t\t\t\t\t\t\t\t\t\t\t\t\t<\/div>\n\t\t\t\t\t<\/div><!--seriousslider-caption-inside-->\n\t\t\t\t<\/div><!--seriousslider-caption-->\n\t\t\t\t\t\t\t\t<div class=\"seriousslider-hloader\"><\/div>\n\t\t\t\t<figure class=\"seriousslider-cloader\">\n\t\t\t\t\t<svg width=\"200\" height=\"200\">\n\t\t\t\t\t\t<circle cx=\"95\" cy=\"95\" r=\"20\" transform=\"rotate(-90, 95, 95)\"\/>\n\t\t\t\t\t<\/svg>\n\t\t\t  <\/figure>\n\t\t\t<\/div>\n\n\t\t\t\t\t\t<\/div>\n\n\t\t\t<div class=\"seriousslider-indicators\">\n\t\t\t\t<ol class=\"seriousslider-indicators-inside\">\n\t\t\t\t\t\t\t\t\t\t<li data-target=\"#serious-slider-122-rnd2939\" data-slide-to=\"0\" class=\"active\"><\/li>\n\t\t\t\t\t\t\t\t\t\t<li data-target=\"#serious-slider-122-rnd2939\" data-slide-to=\"1\" ><\/li>\n\t\t\t\t\t\t\t\t\t\t<li data-target=\"#serious-slider-122-rnd2939\" data-slide-to=\"2\" ><\/li>\n\t\t\t\t\t\t\t\t\t\t<li data-target=\"#serious-slider-122-rnd2939\" data-slide-to=\"3\" ><\/li>\n\t\t\t\t\t\t\t\t\t\t<li data-target=\"#serious-slider-122-rnd2939\" data-slide-to=\"4\" ><\/li>\n\t\t\t\t\t\t\t\t\t\t<li data-target=\"#serious-slider-122-rnd2939\" data-slide-to=\"5\" ><\/li>\n\t\t\t\t\t\t\t\t\t\t<li data-target=\"#serious-slider-122-rnd2939\" data-slide-to=\"6\" ><\/li>\n\t\t\t\t\t\t\t\t\t\t<li data-target=\"#serious-slider-122-rnd2939\" data-slide-to=\"7\" ><\/li>\n\t\t\t\t\t\t\t\t\t\t<li data-target=\"#serious-slider-122-rnd2939\" data-slide-to=\"8\" ><\/li>\n\t\t\t\t\t\t\t\t\t<\/ol>\n\t\t\t<\/div>\n\n\t\t\t<button class=\"left seriousslider-control\" data-target=\"#serious-slider-122-rnd2939\" role=\"button\" data-slide=\"prev\">\n\t\t\t  <span class=\"sicon-prev control-arrow\" aria-hidden=\"true\"><\/span>\n\t\t\t  <span class=\"sr-only\">Previous Slide<\/span>\n\t\t\t<\/button>\n\t\t\t<button class=\"right seriousslider-control\" data-target=\"#serious-slider-122-rnd2939\" role=\"button\" data-slide=\"next\">\n\t\t\t  <span class=\"sicon-next control-arrow\" aria-hidden=\"true\"><\/span>\n\t\t\t  <span class=\"sr-only\">Next Slide<\/span>\n\t\t\t<\/button>\n\t\t<\/div>\n\t\t\n<p>&nbsp;<\/p>\n<p style=\"text-align: center;\">\n","protected":false},"excerpt":{"rendered":"<p>\u00ab\u00a0L&rsquo;expression \u00e0 travers l&rsquo;Animal &amp; l&rsquo;Humain, le fil de la vie, ce lien universel, si \u00e9trange et si pr\u00e9cieux\u00a0\u00bb &nbsp; &nbsp;<\/p>\n","protected":false},"author":1,"featured_media":2126,"parent":82,"menu_order":6,"comment_status":"closed","ping_status":"closed","template":"","meta":{"footnotes":""},"class_list":["post-2109","page","type-page","status-publish","has-post-thumbnail","hentry"],"yoast_head":"<!-- This site is optimized with the Yoast SEO plugin v19.8 - https:\/\/yoast.com\/wordpress\/plugins\/seo\/ -->\n<title>Peintures - triptyques - Pastel - TinaRebou | Art et Design<\/title>\n<meta name=\"robots\" content=\"index, follow, max-snippet:-1, max-image-preview:large, max-video-preview:-1\" \/>\n<link rel=\"canonical\" href=\"https:\/\/tinarebou.com\/index.php\/art\/peintures-triptyques-pastel\/\" \/>\n<meta property=\"og:locale\" content=\"fr_FR\" \/>\n<meta property=\"og:type\" content=\"article\" \/>\n<meta property=\"og:title\" content=\"Peintures - triptyques - Pastel - TinaRebou | Art et Design\" \/>\n<meta property=\"og:description\" content=\"\u00ab\u00a0L&rsquo;expression \u00e0 travers l&rsquo;Animal &amp; l&rsquo;Humain, le fil de la vie, ce lien universel, si \u00e9trange et si pr\u00e9cieux\u00a0\u00bb &nbsp; &nbsp;\" \/>\n<meta property=\"og:url\" content=\"https:\/\/tinarebou.com\/index.php\/art\/peintures-triptyques-pastel\/\" \/>\n<meta property=\"og:site_name\" content=\"TinaRebou | Art et Design\" \/>\n<meta property=\"article:modified_time\" content=\"2017-11-20T16:51:44+00:00\" \/>\n<meta property=\"og:image\" content=\"https:\/\/tinarebou.com\/wp-content\/uploads\/2017\/11\/petitefille-1019x1024.jpg\" \/>\n\t<meta property=\"og:image:width\" content=\"1019\" \/>\n\t<meta property=\"og:image:height\" content=\"1024\" \/>\n\t<meta property=\"og:image:type\" content=\"image\/jpeg\" \/>\n<meta name=\"twitter:card\" content=\"summary_large_image\" \/>\n<script type=\"application\/ld+json\" class=\"yoast-schema-graph\">{\"@context\":\"https:\/\/schema.org\",\"@graph\":[{\"@type\":\"WebPage\",\"@id\":\"https:\/\/tinarebou.com\/index.php\/art\/peintures-triptyques-pastel\/\",\"url\":\"https:\/\/tinarebou.com\/index.php\/art\/peintures-triptyques-pastel\/\",\"name\":\"Peintures - triptyques - Pastel - TinaRebou | Art et Design\",\"isPartOf\":{\"@id\":\"https:\/\/tinarebou.com\/#website\"},\"datePublished\":\"2017-11-20T15:24:07+00:00\",\"dateModified\":\"2017-11-20T16:51:44+00:00\",\"breadcrumb\":{\"@id\":\"https:\/\/tinarebou.com\/index.php\/art\/peintures-triptyques-pastel\/#breadcrumb\"},\"inLanguage\":\"fr-FR\",\"potentialAction\":[{\"@type\":\"ReadAction\",\"target\":[\"https:\/\/tinarebou.com\/index.php\/art\/peintures-triptyques-pastel\/\"]}]},{\"@type\":\"BreadcrumbList\",\"@id\":\"https:\/\/tinarebou.com\/index.php\/art\/peintures-triptyques-pastel\/#breadcrumb\",\"itemListElement\":[{\"@type\":\"ListItem\",\"position\":1,\"name\":\"Accueil\",\"item\":\"https:\/\/tinarebou.com\/\"},{\"@type\":\"ListItem\",\"position\":2,\"name\":\"Art\",\"item\":\"https:\/\/tinarebou.com\/index.php\/art\/\"},{\"@type\":\"ListItem\",\"position\":3,\"name\":\"Peintures &#8211; triptyques &#8211; Pastel\"}]},{\"@type\":\"WebSite\",\"@id\":\"https:\/\/tinarebou.com\/#website\",\"url\":\"https:\/\/tinarebou.com\/\",\"name\":\"TinaRebou | Art et Design\",\"description\":\"TinaRebou Graphiste Freelance pr\u00e8s de Pau (64) pour cr\u00e9er et concr\u00e9tiser votre Univers Graphique et Artiste Peintre Num\u00e9rique - Portraits des Animaux et des Hommes - Calligraphies\",\"publisher\":{\"@id\":\"https:\/\/tinarebou.com\/#\/schema\/person\/71a603796d0c08f89bed2aac26459b45\"},\"potentialAction\":[{\"@type\":\"SearchAction\",\"target\":{\"@type\":\"EntryPoint\",\"urlTemplate\":\"https:\/\/tinarebou.com\/?s={search_term_string}\"},\"query-input\":\"required name=search_term_string\"}],\"inLanguage\":\"fr-FR\"},{\"@type\":[\"Person\",\"Organization\"],\"@id\":\"https:\/\/tinarebou.com\/#\/schema\/person\/71a603796d0c08f89bed2aac26459b45\",\"name\":\"Tina Rebou\",\"image\":{\"@type\":\"ImageObject\",\"inLanguage\":\"fr-FR\",\"@id\":\"https:\/\/tinarebou.com\/#\/schema\/person\/image\/\",\"url\":\"https:\/\/tinarebou.com\/wp-content\/uploads\/2018\/11\/cropped-header-logo-tinarebou-2-2018-1-1.png\",\"contentUrl\":\"https:\/\/tinarebou.com\/wp-content\/uploads\/2018\/11\/cropped-header-logo-tinarebou-2-2018-1-1.png\",\"width\":150,\"height\":36,\"caption\":\"Tina Rebou\"},\"logo\":{\"@id\":\"https:\/\/tinarebou.com\/#\/schema\/person\/image\/\"}}]}<\/script>\n<!-- \/ Yoast SEO plugin. -->","yoast_head_json":{"title":"Peintures - triptyques - Pastel - TinaRebou | Art et Design","robots":{"index":"index","follow":"follow","max-snippet":"max-snippet:-1","max-image-preview":"max-image-preview:large","max-video-preview":"max-video-preview:-1"},"canonical":"https:\/\/tinarebou.com\/index.php\/art\/peintures-triptyques-pastel\/","og_locale":"fr_FR","og_type":"article","og_title":"Peintures - triptyques - Pastel - TinaRebou | Art et Design","og_description":"\u00ab\u00a0L&rsquo;expression \u00e0 travers l&rsquo;Animal &amp; l&rsquo;Humain, le fil de la vie, ce lien universel, si \u00e9trange et si pr\u00e9cieux\u00a0\u00bb &nbsp; &nbsp;","og_url":"https:\/\/tinarebou.com\/index.php\/art\/peintures-triptyques-pastel\/","og_site_name":"TinaRebou | Art et Design","article_modified_time":"2017-11-20T16:51:44+00:00","og_image":[{"width":1019,"height":1024,"url":"https:\/\/tinarebou.com\/wp-content\/uploads\/2017\/11\/petitefille-1019x1024.jpg","type":"image\/jpeg"}],"twitter_card":"summary_large_image","schema":{"@context":"https:\/\/schema.org","@graph":[{"@type":"WebPage","@id":"https:\/\/tinarebou.com\/index.php\/art\/peintures-triptyques-pastel\/","url":"https:\/\/tinarebou.com\/index.php\/art\/peintures-triptyques-pastel\/","name":"Peintures - triptyques - Pastel - TinaRebou | Art et Design","isPartOf":{"@id":"https:\/\/tinarebou.com\/#website"},"datePublished":"2017-11-20T15:24:07+00:00","dateModified":"2017-11-20T16:51:44+00:00","breadcrumb":{"@id":"https:\/\/tinarebou.com\/index.php\/art\/peintures-triptyques-pastel\/#breadcrumb"},"inLanguage":"fr-FR","potentialAction":[{"@type":"ReadAction","target":["https:\/\/tinarebou.com\/index.php\/art\/peintures-triptyques-pastel\/"]}]},{"@type":"BreadcrumbList","@id":"https:\/\/tinarebou.com\/index.php\/art\/peintures-triptyques-pastel\/#breadcrumb","itemListElement":[{"@type":"ListItem","position":1,"name":"Accueil","item":"https:\/\/tinarebou.com\/"},{"@type":"ListItem","position":2,"name":"Art","item":"https:\/\/tinarebou.com\/index.php\/art\/"},{"@type":"ListItem","position":3,"name":"Peintures &#8211; triptyques &#8211; Pastel"}]},{"@type":"WebSite","@id":"https:\/\/tinarebou.com\/#website","url":"https:\/\/tinarebou.com\/","name":"TinaRebou | Art et Design","description":"TinaRebou Graphiste Freelance pr\u00e8s de Pau (64) pour cr\u00e9er et concr\u00e9tiser votre Univers Graphique et Artiste Peintre Num\u00e9rique - Portraits des Animaux et des Hommes - Calligraphies","publisher":{"@id":"https:\/\/tinarebou.com\/#\/schema\/person\/71a603796d0c08f89bed2aac26459b45"},"potentialAction":[{"@type":"SearchAction","target":{"@type":"EntryPoint","urlTemplate":"https:\/\/tinarebou.com\/?s={search_term_string}"},"query-input":"required name=search_term_string"}],"inLanguage":"fr-FR"},{"@type":["Person","Organization"],"@id":"https:\/\/tinarebou.com\/#\/schema\/person\/71a603796d0c08f89bed2aac26459b45","name":"Tina Rebou","image":{"@type":"ImageObject","inLanguage":"fr-FR","@id":"https:\/\/tinarebou.com\/#\/schema\/person\/image\/","url":"https:\/\/tinarebou.com\/wp-content\/uploads\/2018\/11\/cropped-header-logo-tinarebou-2-2018-1-1.png","contentUrl":"https:\/\/tinarebou.com\/wp-content\/uploads\/2018\/11\/cropped-header-logo-tinarebou-2-2018-1-1.png","width":150,"height":36,"caption":"Tina Rebou"},"logo":{"@id":"https:\/\/tinarebou.com\/#\/schema\/person\/image\/"}}]}},"_links":{"self":[{"href":"https:\/\/tinarebou.com\/index.php\/wp-json\/wp\/v2\/pages\/2109","targetHints":{"allow":["GET"]}}],"collection":[{"href":"https:\/\/tinarebou.com\/index.php\/wp-json\/wp\/v2\/pages"}],"about":[{"href":"https:\/\/tinarebou.com\/index.php\/wp-json\/wp\/v2\/types\/page"}],"author":[{"embeddable":true,"href":"https:\/\/tinarebou.com\/index.php\/wp-json\/wp\/v2\/users\/1"}],"replies":[{"embeddable":true,"href":"https:\/\/tinarebou.com\/index.php\/wp-json\/wp\/v2\/comments?post=2109"}],"version-history":[{"count":8,"href":"https:\/\/tinarebou.com\/index.php\/wp-json\/wp\/v2\/pages\/2109\/revisions"}],"predecessor-version":[{"id":2147,"href":"https:\/\/tinarebou.com\/index.php\/wp-json\/wp\/v2\/pages\/2109\/revisions\/2147"}],"up":[{"embeddable":true,"href":"https:\/\/tinarebou.com\/index.php\/wp-json\/wp\/v2\/pages\/82"}],"wp:featuredmedia":[{"embeddable":true,"href":"https:\/\/tinarebou.com\/index.php\/wp-json\/wp\/v2\/media\/2126"}],"wp:attachment":[{"href":"https:\/\/tinarebou.com\/index.php\/wp-json\/wp\/v2\/media?parent=2109"}],"curies":[{"name":"wp","href":"https:\/\/api.w.org\/{rel}","templated":true}]}}