{"id":72,"date":"2016-12-27T20:49:27","date_gmt":"2016-12-27T19:49:27","guid":{"rendered":"http:\/\/tinarebou.com\/?page_id=72"},"modified":"2017-11-23T12:32:46","modified_gmt":"2017-11-23T11:32:46","slug":"portfolio","status":"publish","type":"page","link":"https:\/\/tinarebou.com\/index.php\/art\/portfolio\/","title":{"rendered":"Very Bad Clopes &#8211; Teaser &#8211; BD"},"content":{"rendered":"<p>Cr\u00e9ation Identit\u00e9 Visuelle &#8211; logo &#8211; banni\u00e8re site &#8211; carte de visite &#8211; slide site web &#8211; Affiche &#8211; Flyer &#8211; Programme &#8211; pictogrammes<\/p>\n<h5><\/h5>\n<h5>2015-2016| UNIVERS \u00ab\u00a0Very Bad Clopes\u00a0\u00bb<\/h5>\n<p>Animation Web &#8211; Teaser &#8211;<\/p>\n<p>&nbsp;<\/p>\n<p>Illustrations &amp; planches BD \u00ab\u00a0Very Bad Clopes\u00a0\u00bb<br \/>\nlien vers BD Very Bad Clopes en vente chez <a href=\"https:\/\/www.bookelis.com\/bd\/25831-very-bad-clopes-a-san-die.html\" target=\"_blank\" rel=\"noopener noreferrer\">Bookelis<\/a><\/p>\n<div id='gallery-1' class='gallery galleryid-72 gallery-columns-2 gallery-size-medium'><figure class='gallery-item'>\n\t\t\t<div class='gallery-icon landscape'>\n\t\t\t\t<a href='https:\/\/tinarebou.com\/index.php\/art\/portfolio\/attachment\/logo-very_bad_clopes2\/'><img loading=\"lazy\" decoding=\"async\" width=\"300\" height=\"195\" src=\"https:\/\/tinarebou.com\/wp-content\/uploads\/2016\/12\/logo-very_bad_clopes2-300x195.jpg\" class=\"attachment-medium size-medium\" alt=\"\" aria-describedby=\"gallery-1-487\" srcset=\"https:\/\/tinarebou.com\/wp-content\/uploads\/2016\/12\/logo-very_bad_clopes2-300x195.jpg 300w, https:\/\/tinarebou.com\/wp-content\/uploads\/2016\/12\/logo-very_bad_clopes2-600x389.jpg 600w, https:\/\/tinarebou.com\/wp-content\/uploads\/2016\/12\/logo-very_bad_clopes2.jpg 765w\" sizes=\"auto, (max-width: 300px) 100vw, 300px\" \/><\/a>\n\t\t\t<\/div>\n\t\t\t\t<figcaption class='wp-caption-text gallery-caption' id='gallery-1-487'>\n\t\t\t\t2015 | Logo Very Bad Clopes\n\t\t\t\t<\/figcaption><\/figure><figure class='gallery-item'>\n\t\t\t<div class='gallery-icon landscape'>\n\t\t\t\t<a href='https:\/\/tinarebou.com\/index.php\/art\/portfolio\/attachment\/identite-visuelle-vbc\/'><img loading=\"lazy\" decoding=\"async\" width=\"300\" height=\"170\" src=\"https:\/\/tinarebou.com\/wp-content\/uploads\/2016\/12\/identite-visuelle-vbc-300x170.png\" class=\"attachment-medium size-medium\" alt=\"\" aria-describedby=\"gallery-1-545\" srcset=\"https:\/\/tinarebou.com\/wp-content\/uploads\/2016\/12\/identite-visuelle-vbc-300x170.png 300w, https:\/\/tinarebou.com\/wp-content\/uploads\/2016\/12\/identite-visuelle-vbc-600x340.png 600w, https:\/\/tinarebou.com\/wp-content\/uploads\/2016\/12\/identite-visuelle-vbc-768x435.png 768w, https:\/\/tinarebou.com\/wp-content\/uploads\/2016\/12\/identite-visuelle-vbc-1024x581.png 1024w, https:\/\/tinarebou.com\/wp-content\/uploads\/2016\/12\/identite-visuelle-vbc-1440x816.png 1440w, https:\/\/tinarebou.com\/wp-content\/uploads\/2016\/12\/identite-visuelle-vbc.png 2000w\" sizes=\"auto, (max-width: 300px) 100vw, 300px\" \/><\/a>\n\t\t\t<\/div>\n\t\t\t\t<figcaption class='wp-caption-text gallery-caption' id='gallery-1-545'>\n\t\t\t\t2016 |2017 | Univers Very Bad Clopes\n\t\t\t\t<\/figcaption><\/figure><figure class='gallery-item'>\n\t\t\t<div class='gallery-icon portrait'>\n\t\t\t\t<a href='https:\/\/tinarebou.com\/index.php\/art\/portfolio\/attachment\/1ere_de_couv_corbis3\/'><img loading=\"lazy\" decoding=\"async\" width=\"212\" height=\"300\" src=\"https:\/\/tinarebou.com\/wp-content\/uploads\/2016\/12\/Affiche_very_bad_clopes-212x300.jpg\" class=\"attachment-medium size-medium\" alt=\"\" aria-describedby=\"gallery-1-502\" srcset=\"https:\/\/tinarebou.com\/wp-content\/uploads\/2016\/12\/Affiche_very_bad_clopes-212x300.jpg 212w, https:\/\/tinarebou.com\/wp-content\/uploads\/2016\/12\/Affiche_very_bad_clopes-600x849.jpg 600w, https:\/\/tinarebou.com\/wp-content\/uploads\/2016\/12\/Affiche_very_bad_clopes-768x1086.jpg 768w, https:\/\/tinarebou.com\/wp-content\/uploads\/2016\/12\/Affiche_very_bad_clopes-724x1024.jpg 724w, https:\/\/tinarebou.com\/wp-content\/uploads\/2016\/12\/Affiche_very_bad_clopes-1018x1440.jpg 1018w\" sizes=\"auto, (max-width: 212px) 100vw, 212px\" \/><\/a>\n\t\t\t<\/div>\n\t\t\t\t<figcaption class='wp-caption-text gallery-caption' id='gallery-1-502'>\n\t\t\t\t2016| Affiche Very Bad Clopes\n\t\t\t\t<\/figcaption><\/figure><figure class='gallery-item'>\n\t\t\t<div class='gallery-icon portrait'>\n\t\t\t\t<a href='https:\/\/tinarebou.com\/index.php\/art\/portfolio\/attachment\/flyer_very_bad_clopes\/'><img loading=\"lazy\" decoding=\"async\" width=\"212\" height=\"300\" src=\"https:\/\/tinarebou.com\/wp-content\/uploads\/2016\/12\/flyer_very_bad_clopes-212x300.jpg\" class=\"attachment-medium size-medium\" alt=\"\" aria-describedby=\"gallery-1-503\" srcset=\"https:\/\/tinarebou.com\/wp-content\/uploads\/2016\/12\/flyer_very_bad_clopes-212x300.jpg 212w, https:\/\/tinarebou.com\/wp-content\/uploads\/2016\/12\/flyer_very_bad_clopes-600x848.jpg 600w, https:\/\/tinarebou.com\/wp-content\/uploads\/2016\/12\/flyer_very_bad_clopes-768x1086.jpg 768w, https:\/\/tinarebou.com\/wp-content\/uploads\/2016\/12\/flyer_very_bad_clopes-724x1024.jpg 724w, https:\/\/tinarebou.com\/wp-content\/uploads\/2016\/12\/flyer_very_bad_clopes-1018x1440.jpg 1018w, https:\/\/tinarebou.com\/wp-content\/uploads\/2016\/12\/flyer_very_bad_clopes.jpg 1500w\" sizes=\"auto, (max-width: 212px) 100vw, 212px\" \/><\/a>\n\t\t\t<\/div>\n\t\t\t\t<figcaption class='wp-caption-text gallery-caption' id='gallery-1-503'>\n\t\t\t\t2017 | Affiche Very Bad Clopes\n\t\t\t\t<\/figcaption><\/figure><figure class='gallery-item'>\n\t\t\t<div class='gallery-icon landscape'>\n\t\t\t\t<a href='https:\/\/tinarebou.com\/index.php\/art\/portfolio\/attachment\/identite-visuelle-very_bad_clopesfinale-bd\/'><img loading=\"lazy\" decoding=\"async\" width=\"300\" height=\"170\" src=\"https:\/\/tinarebou.com\/wp-content\/uploads\/2016\/12\/identite-visuelle-very_bad_clopesfinale-bd-300x170.jpg\" class=\"attachment-medium size-medium\" alt=\"\" aria-describedby=\"gallery-1-547\" srcset=\"https:\/\/tinarebou.com\/wp-content\/uploads\/2016\/12\/identite-visuelle-very_bad_clopesfinale-bd-300x170.jpg 300w, https:\/\/tinarebou.com\/wp-content\/uploads\/2016\/12\/identite-visuelle-very_bad_clopesfinale-bd-600x340.jpg 600w, https:\/\/tinarebou.com\/wp-content\/uploads\/2016\/12\/identite-visuelle-very_bad_clopesfinale-bd-768x435.jpg 768w, https:\/\/tinarebou.com\/wp-content\/uploads\/2016\/12\/identite-visuelle-very_bad_clopesfinale-bd-1024x581.jpg 1024w, https:\/\/tinarebou.com\/wp-content\/uploads\/2016\/12\/identite-visuelle-very_bad_clopesfinale-bd-1440x816.jpg 1440w, https:\/\/tinarebou.com\/wp-content\/uploads\/2016\/12\/identite-visuelle-very_bad_clopesfinale-bd.jpg 2000w\" sizes=\"auto, (max-width: 300px) 100vw, 300px\" \/><\/a>\n\t\t\t<\/div>\n\t\t\t\t<figcaption class='wp-caption-text gallery-caption' id='gallery-1-547'>\n\t\t\t\t2017 | Cr\u00e9ation Couverture BD \u00ab\u00a0Very Bad Clopes\u00a0\u00bb\n\t\t\t\t<\/figcaption><\/figure><figure class='gallery-item'>\n\t\t\t<div class='gallery-icon landscape'>\n\t\t\t\t<a href='https:\/\/tinarebou.com\/index.php\/art\/portfolio\/attachment\/flyer_very_bad_clopes-2017\/'><img loading=\"lazy\" decoding=\"async\" width=\"300\" height=\"169\" src=\"https:\/\/tinarebou.com\/wp-content\/uploads\/2016\/12\/flyer_very_bad_clopes-2017-300x169.jpg\" class=\"attachment-medium size-medium\" alt=\"\" aria-describedby=\"gallery-1-508\" srcset=\"https:\/\/tinarebou.com\/wp-content\/uploads\/2016\/12\/flyer_very_bad_clopes-2017-300x169.jpg 300w, https:\/\/tinarebou.com\/wp-content\/uploads\/2016\/12\/flyer_very_bad_clopes-2017-600x338.jpg 600w, https:\/\/tinarebou.com\/wp-content\/uploads\/2016\/12\/flyer_very_bad_clopes-2017-768x432.jpg 768w, https:\/\/tinarebou.com\/wp-content\/uploads\/2016\/12\/flyer_very_bad_clopes-2017-1024x576.jpg 1024w, https:\/\/tinarebou.com\/wp-content\/uploads\/2016\/12\/flyer_very_bad_clopes-2017.jpg 1280w\" sizes=\"auto, (max-width: 300px) 100vw, 300px\" \/><\/a>\n\t\t\t<\/div>\n\t\t\t\t<figcaption class='wp-caption-text gallery-caption' id='gallery-1-508'>\n\t\t\t\t2017| Flyer Very Bad Clopes\n\t\t\t\t<\/figcaption><\/figure>\n\t\t<\/div>\n\n<p>Illustrations qui ont servies aux d\u00e9cors pour r\u00e9aliser les planches de la BD Very Bad Clopes<\/p>\n<div id='gallery-2' class='gallery galleryid-72 gallery-columns-2 gallery-size-medium'><figure class='gallery-item'>\n\t\t\t<div class='gallery-icon landscape'>\n\t\t\t\t<a href='https:\/\/tinarebou.com\/index.php\/art\/portfolio\/attachment\/lieu_department_police_fin2\/'><img loading=\"lazy\" decoding=\"async\" width=\"300\" height=\"152\" src=\"https:\/\/tinarebou.com\/wp-content\/uploads\/2016\/12\/vbc-qg-police-2016-300x152.jpg\" class=\"attachment-medium size-medium\" alt=\"\" aria-describedby=\"gallery-2-335\" srcset=\"https:\/\/tinarebou.com\/wp-content\/uploads\/2016\/12\/vbc-qg-police-2016-300x152.jpg 300w, https:\/\/tinarebou.com\/wp-content\/uploads\/2016\/12\/vbc-qg-police-2016-600x304.jpg 600w, https:\/\/tinarebou.com\/wp-content\/uploads\/2016\/12\/vbc-qg-police-2016.jpg 641w\" sizes=\"auto, (max-width: 300px) 100vw, 300px\" \/><\/a>\n\t\t\t<\/div>\n\t\t\t\t<figcaption class='wp-caption-text gallery-caption' id='gallery-2-335'>\n\t\t\t\tQuartier G\u00e9n\u00e9ral de la police Very Bad Clopes\n\t\t\t\t<\/figcaption><\/figure><figure class='gallery-item'>\n\t\t\t<div class='gallery-icon landscape'>\n\t\t\t\t<a href='https:\/\/tinarebou.com\/index.php\/art\/portfolio\/attachment\/decor_1ere_scene-9\/'><img loading=\"lazy\" decoding=\"async\" width=\"300\" height=\"132\" src=\"https:\/\/tinarebou.com\/wp-content\/uploads\/2016\/12\/vbc-gaslamp-quarter-2016-300x132.jpg\" class=\"attachment-medium size-medium\" alt=\"\" aria-describedby=\"gallery-2-363\" srcset=\"https:\/\/tinarebou.com\/wp-content\/uploads\/2016\/12\/vbc-gaslamp-quarter-2016-300x132.jpg 300w, https:\/\/tinarebou.com\/wp-content\/uploads\/2016\/12\/vbc-gaslamp-quarter-2016.jpg 591w\" sizes=\"auto, (max-width: 300px) 100vw, 300px\" \/><\/a>\n\t\t\t<\/div>\n\t\t\t\t<figcaption class='wp-caption-text gallery-caption' id='gallery-2-363'>\n\t\t\t\tLieu du 1er meurtre de Michel Gruy\u00e8re \u00e0 San Diego\n\t\t\t\t<\/figcaption><\/figure><figure class='gallery-item'>\n\t\t\t<div class='gallery-icon landscape'>\n\t\t\t\t<a href='https:\/\/tinarebou.com\/index.php\/art\/portfolio\/attachment\/morgue_2_tenuev_pt4\/'><img loading=\"lazy\" decoding=\"async\" width=\"300\" height=\"171\" src=\"https:\/\/tinarebou.com\/wp-content\/uploads\/2016\/12\/vbc-morgue-2016-300x171.jpg\" class=\"attachment-medium size-medium\" alt=\"\" aria-describedby=\"gallery-2-338\" srcset=\"https:\/\/tinarebou.com\/wp-content\/uploads\/2016\/12\/vbc-morgue-2016-300x171.jpg 300w, https:\/\/tinarebou.com\/wp-content\/uploads\/2016\/12\/vbc-morgue-2016-600x342.jpg 600w, https:\/\/tinarebou.com\/wp-content\/uploads\/2016\/12\/vbc-morgue-2016-768x437.jpg 768w, https:\/\/tinarebou.com\/wp-content\/uploads\/2016\/12\/vbc-morgue-2016.jpg 787w\" sizes=\"auto, (max-width: 300px) 100vw, 300px\" \/><\/a>\n\t\t\t<\/div>\n\t\t\t\t<figcaption class='wp-caption-text gallery-caption' id='gallery-2-338'>\n\t\t\t\tLa Morgue \n\t\t\t\t<\/figcaption><\/figure><figure class='gallery-item'>\n\t\t\t<div class='gallery-icon landscape'>\n\t\t\t\t<a href='https:\/\/tinarebou.com\/index.php\/art\/portfolio\/attachment\/guet_jenkins\/'><img loading=\"lazy\" decoding=\"async\" width=\"300\" height=\"168\" src=\"https:\/\/tinarebou.com\/wp-content\/uploads\/2016\/12\/vbc-guet_jenkins-2016-300x168.jpg\" class=\"attachment-medium size-medium\" alt=\"\" aria-describedby=\"gallery-2-342\" srcset=\"https:\/\/tinarebou.com\/wp-content\/uploads\/2016\/12\/vbc-guet_jenkins-2016-300x168.jpg 300w, https:\/\/tinarebou.com\/wp-content\/uploads\/2016\/12\/vbc-guet_jenkins-2016-600x337.jpg 600w, https:\/\/tinarebou.com\/wp-content\/uploads\/2016\/12\/vbc-guet_jenkins-2016-768x431.jpg 768w, https:\/\/tinarebou.com\/wp-content\/uploads\/2016\/12\/vbc-guet_jenkins-2016-1024x575.jpg 1024w, https:\/\/tinarebou.com\/wp-content\/uploads\/2016\/12\/vbc-guet_jenkins-2016.jpg 1181w\" sizes=\"auto, (max-width: 300px) 100vw, 300px\" \/><\/a>\n\t\t\t<\/div>\n\t\t\t\t<figcaption class='wp-caption-text gallery-caption' id='gallery-2-342'>\n\t\t\t\tSalle Denis Bruyant o\u00f9 se d\u00e9roule le one man show de Pierre Pommade\n\t\t\t\t<\/figcaption><\/figure><figure class='gallery-item'>\n\t\t\t<div class='gallery-icon landscape'>\n\t\t\t\t<a href='https:\/\/tinarebou.com\/index.php\/art\/portfolio\/attachment\/guet_bd\/'><img loading=\"lazy\" decoding=\"async\" width=\"300\" height=\"186\" src=\"https:\/\/tinarebou.com\/wp-content\/uploads\/2016\/12\/vbc-guet-jenkins-2016-300x186.jpg\" class=\"attachment-medium size-medium\" alt=\"\" aria-describedby=\"gallery-2-340\" srcset=\"https:\/\/tinarebou.com\/wp-content\/uploads\/2016\/12\/vbc-guet-jenkins-2016-300x186.jpg 300w, https:\/\/tinarebou.com\/wp-content\/uploads\/2016\/12\/vbc-guet-jenkins-2016-600x373.jpg 600w, https:\/\/tinarebou.com\/wp-content\/uploads\/2016\/12\/vbc-guet-jenkins-2016-768x477.jpg 768w, https:\/\/tinarebou.com\/wp-content\/uploads\/2016\/12\/vbc-guet-jenkins-2016.jpg 787w\" sizes=\"auto, (max-width: 300px) 100vw, 300px\" \/><\/a>\n\t\t\t<\/div>\n\t\t\t\t<figcaption class='wp-caption-text gallery-caption' id='gallery-2-340'>\n\t\t\t\tL&rsquo;inspecteur JENKINS faisant le guet\n\t\t\t\t<\/figcaption><\/figure><figure class='gallery-item'>\n\t\t\t<div class='gallery-icon landscape'>\n\t\t\t\t<a href='https:\/\/tinarebou.com\/index.php\/art\/portfolio\/attachment\/salle_pierre_pommade2\/'><img loading=\"lazy\" decoding=\"async\" width=\"300\" height=\"171\" src=\"https:\/\/tinarebou.com\/wp-content\/uploads\/2016\/12\/vbc-flagman-2016-300x171.jpg\" class=\"attachment-medium size-medium\" alt=\"\" aria-describedby=\"gallery-2-343\" srcset=\"https:\/\/tinarebou.com\/wp-content\/uploads\/2016\/12\/vbc-flagman-2016-300x171.jpg 300w, https:\/\/tinarebou.com\/wp-content\/uploads\/2016\/12\/vbc-flagman-2016-600x341.jpg 600w, https:\/\/tinarebou.com\/wp-content\/uploads\/2016\/12\/vbc-flagman-2016-768x437.jpg 768w, https:\/\/tinarebou.com\/wp-content\/uploads\/2016\/12\/vbc-flagman-2016.jpg 854w\" sizes=\"auto, (max-width: 300px) 100vw, 300px\" \/><\/a>\n\t\t\t<\/div>\n\t\t\t\t<figcaption class='wp-caption-text gallery-caption' id='gallery-2-343'>\n\t\t\t\tSalle de spectacle du One Man Show de Pierre Pommade\n\t\t\t\t<\/figcaption><\/figure><figure class='gallery-item'>\n\t\t\t<div class='gallery-icon landscape'>\n\t\t\t\t<a href='https:\/\/tinarebou.com\/index.php\/art\/portfolio\/attachment\/salle_denis_bruyantvder2_pt\/'><img loading=\"lazy\" decoding=\"async\" width=\"300\" height=\"171\" src=\"https:\/\/tinarebou.com\/wp-content\/uploads\/2016\/12\/vbc-salle_d_bruyant-2016-300x171.jpg\" class=\"attachment-medium size-medium\" alt=\"\" aria-describedby=\"gallery-2-360\" srcset=\"https:\/\/tinarebou.com\/wp-content\/uploads\/2016\/12\/vbc-salle_d_bruyant-2016-300x171.jpg 300w, https:\/\/tinarebou.com\/wp-content\/uploads\/2016\/12\/vbc-salle_d_bruyant-2016-600x342.jpg 600w, https:\/\/tinarebou.com\/wp-content\/uploads\/2016\/12\/vbc-salle_d_bruyant-2016-768x438.jpg 768w, https:\/\/tinarebou.com\/wp-content\/uploads\/2016\/12\/vbc-salle_d_bruyant-2016.jpg 854w\" sizes=\"auto, (max-width: 300px) 100vw, 300px\" \/><\/a>\n\t\t\t<\/div>\n\t\t\t\t<figcaption class='wp-caption-text gallery-caption' id='gallery-2-360'>\n\t\t\t\tL&rsquo;officier de police Murphy d\u00e9guis\u00e9 pour d\u00e9busquer le serialkiller tente de contacter Flanagan\n\t\t\t\t<\/figcaption><\/figure><figure class='gallery-item'>\n\t\t\t<div class='gallery-icon landscape'>\n\t\t\t\t<a href='https:\/\/tinarebou.com\/index.php\/art\/portfolio\/attachment\/sortie-artistes-vbc\/'><img loading=\"lazy\" decoding=\"async\" width=\"300\" height=\"161\" src=\"https:\/\/tinarebou.com\/wp-content\/uploads\/2016\/12\/vbc-sortie-artistes-2016-300x161.jpg\" class=\"attachment-medium size-medium\" alt=\"\" aria-describedby=\"gallery-2-353\" srcset=\"https:\/\/tinarebou.com\/wp-content\/uploads\/2016\/12\/vbc-sortie-artistes-2016-300x161.jpg 300w, https:\/\/tinarebou.com\/wp-content\/uploads\/2016\/12\/vbc-sortie-artistes-2016-600x323.jpg 600w, https:\/\/tinarebou.com\/wp-content\/uploads\/2016\/12\/vbc-sortie-artistes-2016.jpg 641w\" sizes=\"auto, (max-width: 300px) 100vw, 300px\" \/><\/a>\n\t\t\t<\/div>\n\t\t\t\t<figcaption class='wp-caption-text gallery-caption' id='gallery-2-353'>\n\t\t\t\tL&rsquo;inspecteur Jenkins et Murphy \u00e0 la recherche de leur coll\u00e8gue Flanagan\n\t\t\t\t<\/figcaption><\/figure><figure class='gallery-item'>\n\t\t\t<div class='gallery-icon landscape'>\n\t\t\t\t<a href='https:\/\/tinarebou.com\/index.php\/art\/portfolio\/attachment\/gaslamp_essai_bulles_pt2bis3\/'><img loading=\"lazy\" decoding=\"async\" width=\"300\" height=\"170\" src=\"https:\/\/tinarebou.com\/wp-content\/uploads\/2016\/12\/vbc-Gaslamp-2016-300x170.jpg\" class=\"attachment-medium size-medium\" alt=\"\" aria-describedby=\"gallery-2-347\" srcset=\"https:\/\/tinarebou.com\/wp-content\/uploads\/2016\/12\/vbc-Gaslamp-2016-300x170.jpg 300w, https:\/\/tinarebou.com\/wp-content\/uploads\/2016\/12\/vbc-Gaslamp-2016-600x339.jpg 600w, https:\/\/tinarebou.com\/wp-content\/uploads\/2016\/12\/vbc-Gaslamp-2016-768x434.jpg 768w, https:\/\/tinarebou.com\/wp-content\/uploads\/2016\/12\/vbc-Gaslamp-2016.jpg 854w\" sizes=\"auto, (max-width: 300px) 100vw, 300px\" \/><\/a>\n\t\t\t<\/div>\n\t\t\t\t<figcaption class='wp-caption-text gallery-caption' id='gallery-2-347'>\n\t\t\t\tNos comp\u00e8res dans les rues de San Diego\n\t\t\t\t<\/figcaption><\/figure><figure class='gallery-item'>\n\t\t\t<div class='gallery-icon landscape'>\n\t\t\t\t<a href='https:\/\/tinarebou.com\/index.php\/art\/portfolio\/attachment\/vbc-restaurant-miam-gary-2016\/'><img loading=\"lazy\" decoding=\"async\" width=\"300\" height=\"145\" src=\"https:\/\/tinarebou.com\/wp-content\/uploads\/2016\/12\/vbc-restaurant-miam-gary-2016-300x145.png\" class=\"attachment-medium size-medium\" alt=\"\" aria-describedby=\"gallery-2-352\" srcset=\"https:\/\/tinarebou.com\/wp-content\/uploads\/2016\/12\/vbc-restaurant-miam-gary-2016-300x145.png 300w, https:\/\/tinarebou.com\/wp-content\/uploads\/2016\/12\/vbc-restaurant-miam-gary-2016-600x290.png 600w, https:\/\/tinarebou.com\/wp-content\/uploads\/2016\/12\/vbc-restaurant-miam-gary-2016-768x371.png 768w, https:\/\/tinarebou.com\/wp-content\/uploads\/2016\/12\/vbc-restaurant-miam-gary-2016.png 787w\" sizes=\"auto, (max-width: 300px) 100vw, 300px\" \/><\/a>\n\t\t\t<\/div>\n\t\t\t\t<figcaption class='wp-caption-text gallery-caption' id='gallery-2-352'>\n\t\t\t\tRestaurant pr\u00e9f\u00e9r\u00e9 de Jenkins &#8211; le Miam Gary\n\t\t\t\t<\/figcaption><\/figure><figure class='gallery-item'>\n\t\t\t<div class='gallery-icon landscape'>\n\t\t\t\t<a href='https:\/\/tinarebou.com\/index.php\/art\/portfolio\/attachment\/salle_maria_dallas_bullesnv_b6\/'><img loading=\"lazy\" decoding=\"async\" width=\"300\" height=\"169\" src=\"https:\/\/tinarebou.com\/wp-content\/uploads\/2016\/12\/vbc-salle_maria_dallas_2016-300x169.jpg\" class=\"attachment-medium size-medium\" alt=\"\" aria-describedby=\"gallery-2-348\" srcset=\"https:\/\/tinarebou.com\/wp-content\/uploads\/2016\/12\/vbc-salle_maria_dallas_2016-300x169.jpg 300w, https:\/\/tinarebou.com\/wp-content\/uploads\/2016\/12\/vbc-salle_maria_dallas_2016-600x338.jpg 600w, https:\/\/tinarebou.com\/wp-content\/uploads\/2016\/12\/vbc-salle_maria_dallas_2016-768x432.jpg 768w, https:\/\/tinarebou.com\/wp-content\/uploads\/2016\/12\/vbc-salle_maria_dallas_2016-1024x576.jpg 1024w, https:\/\/tinarebou.com\/wp-content\/uploads\/2016\/12\/vbc-salle_maria_dallas_2016.jpg 1280w\" sizes=\"auto, (max-width: 300px) 100vw, 300px\" \/><\/a>\n\t\t\t<\/div>\n\t\t\t\t<figcaption class='wp-caption-text gallery-caption' id='gallery-2-348'>\n\t\t\t\tSalle de Maria Dallas en concert\n\t\t\t\t<\/figcaption><\/figure><figure class='gallery-item'>\n\t\t\t<div class='gallery-icon landscape'>\n\t\t\t\t<a href='https:\/\/tinarebou.com\/index.php\/art\/portfolio\/attachment\/maria-dallas-f-vbc\/'><img loading=\"lazy\" decoding=\"async\" width=\"300\" height=\"177\" src=\"https:\/\/tinarebou.com\/wp-content\/uploads\/2016\/12\/vbc-Maria-dallas-2016-300x177.jpg\" class=\"attachment-medium size-medium\" alt=\"\" aria-describedby=\"gallery-2-349\" srcset=\"https:\/\/tinarebou.com\/wp-content\/uploads\/2016\/12\/vbc-Maria-dallas-2016-300x177.jpg 300w, https:\/\/tinarebou.com\/wp-content\/uploads\/2016\/12\/vbc-Maria-dallas-2016-600x354.jpg 600w, https:\/\/tinarebou.com\/wp-content\/uploads\/2016\/12\/vbc-Maria-dallas-2016-768x453.jpg 768w, https:\/\/tinarebou.com\/wp-content\/uploads\/2016\/12\/vbc-Maria-dallas-2016.jpg 787w\" sizes=\"auto, (max-width: 300px) 100vw, 300px\" \/><\/a>\n\t\t\t<\/div>\n\t\t\t\t<figcaption class='wp-caption-text gallery-caption' id='gallery-2-349'>\n\t\t\t\tSortie de Maria Dallas apr\u00e8s le concert\n\t\t\t\t<\/figcaption><\/figure><figure class='gallery-item'>\n\t\t\t<div class='gallery-icon landscape'>\n\t\t\t\t<a href='https:\/\/tinarebou.com\/index.php\/art\/portfolio\/attachment\/vbc-entrepot1-2016\/'><img loading=\"lazy\" decoding=\"async\" width=\"300\" height=\"162\" src=\"https:\/\/tinarebou.com\/wp-content\/uploads\/2016\/12\/vbc-entrepot1-2016-300x162.jpg\" class=\"attachment-medium size-medium\" alt=\"\" aria-describedby=\"gallery-2-344\" srcset=\"https:\/\/tinarebou.com\/wp-content\/uploads\/2016\/12\/vbc-entrepot1-2016-300x162.jpg 300w, https:\/\/tinarebou.com\/wp-content\/uploads\/2016\/12\/vbc-entrepot1-2016-600x323.jpg 600w, https:\/\/tinarebou.com\/wp-content\/uploads\/2016\/12\/vbc-entrepot1-2016-768x414.jpg 768w, https:\/\/tinarebou.com\/wp-content\/uploads\/2016\/12\/vbc-entrepot1-2016.jpg 787w\" sizes=\"auto, (max-width: 300px) 100vw, 300px\" \/><\/a>\n\t\t\t<\/div>\n\t\t\t\t<figcaption class='wp-caption-text gallery-caption' id='gallery-2-344'>\n\t\t\t\tMaria Dallas kidnapp\u00e9e par John Duff dans un entrep\u00f4t\n\t\t\t\t<\/figcaption><\/figure><figure class='gallery-item'>\n\t\t\t<div class='gallery-icon landscape'>\n\t\t\t\t<a href='https:\/\/tinarebou.com\/index.php\/art\/portfolio\/attachment\/entrepot_interieur-2\/'><img loading=\"lazy\" decoding=\"async\" width=\"300\" height=\"161\" src=\"https:\/\/tinarebou.com\/wp-content\/uploads\/2016\/12\/vbc-entrepot-2016-300x161.jpg\" class=\"attachment-medium size-medium\" alt=\"\" aria-describedby=\"gallery-2-345\" srcset=\"https:\/\/tinarebou.com\/wp-content\/uploads\/2016\/12\/vbc-entrepot-2016-300x161.jpg 300w, https:\/\/tinarebou.com\/wp-content\/uploads\/2016\/12\/vbc-entrepot-2016-600x322.jpg 600w, https:\/\/tinarebou.com\/wp-content\/uploads\/2016\/12\/vbc-entrepot-2016-768x413.jpg 768w, https:\/\/tinarebou.com\/wp-content\/uploads\/2016\/12\/vbc-entrepot-2016.jpg 787w\" sizes=\"auto, (max-width: 300px) 100vw, 300px\" \/><\/a>\n\t\t\t<\/div>\n\t\t\t\t<figcaption class='wp-caption-text gallery-caption' id='gallery-2-345'>\n\t\t\t\tLarry Flanagan alias James Flagman en arri\u00e8re plan qui veut sauver la belle damoiselle&#8230;\n\t\t\t\t<\/figcaption><\/figure><figure class='gallery-item'>\n\t\t\t<div class='gallery-icon landscape'>\n\t\t\t\t<a href='https:\/\/tinarebou.com\/index.php\/art\/portfolio\/attachment\/morgue_2_tenuev_pt4-2\/'><img loading=\"lazy\" decoding=\"async\" width=\"300\" height=\"169\" src=\"https:\/\/tinarebou.com\/wp-content\/uploads\/2016\/12\/vbc-entrepot3-2016-300x169.jpg\" class=\"attachment-medium size-medium\" alt=\"\" aria-describedby=\"gallery-2-346\" srcset=\"https:\/\/tinarebou.com\/wp-content\/uploads\/2016\/12\/vbc-entrepot3-2016-300x169.jpg 300w, https:\/\/tinarebou.com\/wp-content\/uploads\/2016\/12\/vbc-entrepot3-2016-600x339.jpg 600w, https:\/\/tinarebou.com\/wp-content\/uploads\/2016\/12\/vbc-entrepot3-2016-768x433.jpg 768w, https:\/\/tinarebou.com\/wp-content\/uploads\/2016\/12\/vbc-entrepot3-2016.jpg 787w\" sizes=\"auto, (max-width: 300px) 100vw, 300px\" \/><\/a>\n\t\t\t<\/div>\n\t\t\t\t<figcaption class='wp-caption-text gallery-caption' id='gallery-2-346'>\n\t\t\t\t&#8230;h\u00e9las, tout ne se passe pas comme il aurait pr\u00e9vu\n\t\t\t\t<\/figcaption><\/figure>\n\t\t<\/div>\n\n<p>&nbsp;<\/p>\n<p><iframe loading=\"lazy\" width=\"1505\" height=\"847\" src=\"https:\/\/www.youtube.com\/embed\/L2ySrFmdF4Q?feature=oembed\" frameborder=\"0\" allow=\"autoplay; encrypted-media\" allowfullscreen><\/iframe><\/p>\n<p>&nbsp;<\/p>\n<p>&nbsp;<\/p>\n","protected":false},"excerpt":{"rendered":"<p>Cr\u00e9ation Identit\u00e9 Visuelle &#8211; logo &#8211; banni\u00e8re site &#8211; carte de visite &#8211; slide site web &#8211; Affiche &#8211; Flyer &#8211; Programme &#8211; pictogrammes 2015-2016| &hellip;<\/p>\n","protected":false},"author":1,"featured_media":10,"parent":82,"menu_order":3,"comment_status":"closed","ping_status":"closed","template":"","meta":{"footnotes":""},"class_list":["post-72","page","type-page","status-publish","has-post-thumbnail","hentry"],"_links":{"self":[{"href":"https:\/\/tinarebou.com\/index.php\/wp-json\/wp\/v2\/pages\/72","targetHints":{"allow":["GET"]}}],"collection":[{"href":"https:\/\/tinarebou.com\/index.php\/wp-json\/wp\/v2\/pages"}],"about":[{"href":"https:\/\/tinarebou.com\/index.php\/wp-json\/wp\/v2\/types\/page"}],"author":[{"embeddable":true,"href":"https:\/\/tinarebou.com\/index.php\/wp-json\/wp\/v2\/users\/1"}],"replies":[{"embeddable":true,"href":"https:\/\/tinarebou.com\/index.php\/wp-json\/wp\/v2\/comments?post=72"}],"version-history":[{"count":88,"href":"https:\/\/tinarebou.com\/index.php\/wp-json\/wp\/v2\/pages\/72\/revisions"}],"predecessor-version":[{"id":5620,"href":"https:\/\/tinarebou.com\/index.php\/wp-json\/wp\/v2\/pages\/72\/revisions\/5620"}],"up":[{"embeddable":true,"href":"https:\/\/tinarebou.com\/index.php\/wp-json\/wp\/v2\/pages\/82"}],"wp:featuredmedia":[{"embeddable":true,"href":"https:\/\/tinarebou.com\/index.php\/wp-json\/wp\/v2\/media\/10"}],"wp:attachment":[{"href":"https:\/\/tinarebou.com\/index.php\/wp-json\/wp\/v2\/media?parent=72"}],"curies":[{"name":"wp","href":"https:\/\/api.w.org\/{rel}","templated":true}]}}